{"id":2572,"date":"2024-03-25T18:06:53","date_gmt":"2024-03-25T17:06:53","guid":{"rendered":"https:\/\/xn--ludotecaslogroo-crb.es\/el_desvan\/?page_id=2572"},"modified":"2026-03-30T08:50:58","modified_gmt":"2026-03-30T06:50:58","slug":"ludoteca-curso","status":"publish","type":"page","link":"https:\/\/xn--ludotecaslogroo-crb.es\/el_desvan\/ludoteca-curso\/","title":{"rendered":"Ludoteca curso"},"content":{"rendered":"<div class='flex_column av-cbtf64-3296de238242509ce001866e6c07bf06 av_one_full  avia-builder-el-0  el_before_av_hr  avia-builder-el-first  first flex_column_div '   ><section  class='av_textblock_section av-lu76stub-873139893af3c501454735c2c23525ff'  itemscope=\"itemscope\" itemtype=\"https:\/\/schema.org\/CreativeWork\" ><div class='avia_textblock'  itemprop=\"text\" ><h1 style=\"text-align: center;\">LUDOTECA CURSO<\/h1>\n<\/div><\/section><\/div><div  class='hr av-a6ipp8-98af273760743fcd494c656e1d06e9e1 hr-default  avia-builder-el-2  el_after_av_one_full  el_before_av_tab_section  avia-builder-el-last '><span class='hr-inner '><span class=\"hr-inner-style\"><\/span><\/span><\/div><\/p>\n\n<style type=\"text\/css\" data-created_by=\"avia_inline_auto\" id=\"style-css-av-lu76y3i6-9ee753f299a2a65426f861854770d4ec\">\n.av-tab-section-outer-container.av-lu76y3i6-9ee753f299a2a65426f861854770d4ec .av-tab-section-tab-title-container{\nbackground-color:rgba(180,193,114,0.58);\n}\n<\/style>\n<\/div><\/div><\/div><!-- close content main div --><\/div><\/div><div id='av-tab-section-1'  class='av-tab-section-container entry-content-wrapper main_color av-tab-slide-transition   av-tab-above-content  avia-builder-el-3  el_after_av_hr  el_before_av_one_fifth  tab-section-not-first container_wrap fullsize'  ><div class='av-tab-section-outer-container av-lu76y3i6-9ee753f299a2a65426f861854770d4ec'><div class='av-tab-section-tab-title-container avia-tab-title-padding-default' role='tablist'><a href='#edades' data-av-tab-section-title='1' class='av-section-tab-title av-active-tab-title no-scroll av-lu76uszq-fbf3cf7a346390fc248f8cc52c54b7f7 av-tab-no-icon av-tab-no-image ' role='tab' tabindex='0' aria-controls='av-tab-section-1-1'><span class='av-outer-tab-title'><span class='av-inner-tab-title'>Edades<\/span><\/span><span class=\"av-tab-arrow-container\"><span><\/span><\/span><\/a><a href='#das' data-av-tab-section-title='2' class='av-section-tab-title  av-lu76wsqn-8aa43614f4f04ca7f766183c19170c36 av-tab-no-icon av-tab-no-image ' role='tab' tabindex='0' aria-controls='av-tab-section-1-2'><span class='av-outer-tab-title'><span class='av-inner-tab-title'>D\u00edas<\/span><\/span><span class=\"av-tab-arrow-container\"><span><\/span><\/span><\/a><a href='#horario' data-av-tab-section-title='3' class='av-section-tab-title  av-lu76z4sd-311cca94f82bc173537ae1cd2ff92d1d av-tab-no-icon av-tab-no-image ' role='tab' tabindex='0' aria-controls='av-tab-section-1-3'><span class='av-outer-tab-title'><span class='av-inner-tab-title'>Horario<\/span><\/span><span class=\"av-tab-arrow-container\"><span><\/span><\/span><\/a><a href='#cuotas' data-av-tab-section-title='4' class='av-section-tab-title  av-lu76zvpk-5b56a2cf9d9356386f56db6c37bbcf37 av-tab-no-icon av-tab-no-image ' role='tab' tabindex='0' aria-controls='av-tab-section-1-4'><span class='av-outer-tab-title'><span class='av-inner-tab-title'>Cuotas<\/span><\/span><span class=\"av-tab-arrow-container\"><span><\/span><\/span><\/a><\/div><div class='avia-slideshow-arrows av-tabsection-arrow' ><a href='#prev' class='prev-slide av_prev_tab_section av-tab-section-slide' aria-hidden='true' data-av_icon='\ue87c' data-av_iconfont='entypo-fontello'  tabindex='-1'>Anterior<\/a><a href='#next' class='next-slide av_next_tab_section av-tab-section-slide' aria-hidden='true' data-av_icon='\ue87d' data-av_iconfont='entypo-fontello'  tabindex='-1'>Posterior<\/a><\/div><div class='av-tab-section-inner-container avia-section-default' style='width:400vw; left:0%;'><span class=\"av_prev_tab_section av_tab_navigation\"><\/span><span class=\"av_next_tab_section av_tab_navigation\"><\/span>\n\n<style type=\"text\/css\" data-created_by=\"avia_inline_auto\" id=\"style-css-av-lu76uszq-fbf3cf7a346390fc248f8cc52c54b7f7\">\n.av-layout-tab.av-lu76uszq-fbf3cf7a346390fc248f8cc52c54b7f7{\nvertical-align:middle;\n}\n#top .av-tab-section-outer-container.av-lu76y3i6-9ee753f299a2a65426f861854770d4ec .av-active-tab-title.av-section-tab-title.av-lu76uszq-fbf3cf7a346390fc248f8cc52c54b7f7{\ncolor:#000000;\n}\n<\/style>\n<div id='av-tab-section-1-1' class='av-layout-tab av-lu76uszq-fbf3cf7a346390fc248f8cc52c54b7f7 av-animation-delay-container  avia-builder-el-4  el_before_av_tab_sub_section  avia-builder-el-first  av-active-tab-content __av_init_open '  data-av-tab-section-content=\"1\" data-tab-section-id='edades'><div class=\"av-layout-tab-inner\"><div class=\"container\"><section  class='av_textblock_section av-lu76vnao-8acbef45928cbb5e80a37688d01ea771'  itemscope=\"itemscope\" itemtype=\"https:\/\/schema.org\/CreativeWork\" ><div class='avia_textblock'  itemprop=\"text\" ><p style=\"text-align: center;\">Podr\u00e1n participar ni\u00f1os y ni\u00f1as nacidos entre los a\u00f1os 2014 y 2021<\/p>\n<\/div><\/section>\n<\/div><\/div><\/div>\n<style type=\"text\/css\" data-created_by=\"avia_inline_auto\" id=\"style-css-av-lu76wsqn-8aa43614f4f04ca7f766183c19170c36\">\n.av-layout-tab.av-lu76wsqn-8aa43614f4f04ca7f766183c19170c36{\nvertical-align:middle;\n}\n#top .av-tab-section-outer-container.av-lu76y3i6-9ee753f299a2a65426f861854770d4ec .av-active-tab-title.av-section-tab-title.av-lu76wsqn-8aa43614f4f04ca7f766183c19170c36{\ncolor:#000000;\n}\n<\/style>\n<div id='av-tab-section-1-2' class='av-layout-tab av-lu76wsqn-8aa43614f4f04ca7f766183c19170c36 av-animation-delay-container  avia-builder-el-6  el_after_av_tab_sub_section  el_before_av_tab_sub_section   '  data-av-tab-section-content=\"2\" data-tab-section-id='das'><div class=\"av-layout-tab-inner\"><div class=\"container\"><section  class='av_textblock_section av-lu76x246-9f79a5ffc7ed1f0f7169ecc616c6be78'  itemscope=\"itemscope\" itemtype=\"https:\/\/schema.org\/CreativeWork\" ><div class='avia_textblock'  itemprop=\"text\" ><p style=\"text-align: center;\">Se podr\u00e1n elegir dos d\u00edas de lunes a viernes por turno hasta un m\u00e1ximo de cuatro d\u00edas por semana<\/p>\n<\/div><\/section>\n<\/div><\/div><\/div>\n<style type=\"text\/css\" data-created_by=\"avia_inline_auto\" id=\"style-css-av-lu76z4sd-311cca94f82bc173537ae1cd2ff92d1d\">\n.av-layout-tab.av-lu76z4sd-311cca94f82bc173537ae1cd2ff92d1d{\nvertical-align:middle;\n}\n#top .av-tab-section-outer-container.av-lu76y3i6-9ee753f299a2a65426f861854770d4ec .av-active-tab-title.av-section-tab-title.av-lu76z4sd-311cca94f82bc173537ae1cd2ff92d1d{\ncolor:#000000;\n}\n<\/style>\n<div id='av-tab-section-1-3' class='av-layout-tab av-lu76z4sd-311cca94f82bc173537ae1cd2ff92d1d av-animation-delay-container  avia-builder-el-8  el_after_av_tab_sub_section  el_before_av_tab_sub_section   '  data-av-tab-section-content=\"3\" data-tab-section-id='horario'><div class=\"av-layout-tab-inner\"><div class=\"container\"><section  class='av_textblock_section av-lu76yuny-7b768da0970fe72aa32c25442560207e'  itemscope=\"itemscope\" itemtype=\"https:\/\/schema.org\/CreativeWork\" ><div class='avia_textblock'  itemprop=\"text\" ><p style=\"text-align: center;\">De 16:00 a 20:00 pudiendo hacer uso del tiempo que las familias precisen<\/p>\n<\/div><\/section>\n<\/div><\/div><\/div>\n<style type=\"text\/css\" data-created_by=\"avia_inline_auto\" id=\"style-css-av-lu76zvpk-5b56a2cf9d9356386f56db6c37bbcf37\">\n.av-layout-tab.av-lu76zvpk-5b56a2cf9d9356386f56db6c37bbcf37{\nvertical-align:middle;\n}\n#top .av-tab-section-outer-container.av-lu76y3i6-9ee753f299a2a65426f861854770d4ec .av-active-tab-title.av-section-tab-title.av-lu76zvpk-5b56a2cf9d9356386f56db6c37bbcf37{\ncolor:#000000;\n}\n<\/style>\n<div id='av-tab-section-1-4' class='av-layout-tab av-lu76zvpk-5b56a2cf9d9356386f56db6c37bbcf37 av-animation-delay-container  avia-builder-el-10  el_after_av_tab_sub_section  avia-builder-el-last   '  data-av-tab-section-content=\"4\" data-tab-section-id='cuotas'><div class=\"av-layout-tab-inner\"><div class=\"container\"><section  class='av_textblock_section av-lu77050u-68a16b69a4212bbbb848cc92dda7919d'  itemscope=\"itemscope\" itemtype=\"https:\/\/schema.org\/CreativeWork\" ><div class='avia_textblock'  itemprop=\"text\" ><p style=\"text-align: center;\">\u2022 46,17\u20ac: por cada turno y participante<\/p>\n<p style=\"text-align: center;\">\u2022 23,09\u20ac: por cada turno y participante de la misma unidad familiar<\/p>\n<\/div><\/section>\n<\/div><\/div><\/div>\n<\/div><\/div><\/div><div id='after_tab_section_1'  class='main_color av_default_container_wrap container_wrap fullsize'  ><div class='container av-section-cont-open' ><div class='template-page content  av-content-full alpha units'><div class='post-entry post-entry-type-page post-entry-2572'><div class='entry-content-wrapper clearfix'>\n<div class='flex_column av-8j8da4-51623e22844ba5fa6267504583953030 av_one_fifth  avia-builder-el-12  el_after_av_tab_section  el_before_av_three_fifth  avia-builder-el-first  first flex_column_div '   ><\/div>\n<div class='flex_column av-7l78cc-e1d3c1af946b0b095c59f79f474ccec0 av_three_fifth  avia-builder-el-13  el_after_av_one_fifth  el_before_av_one_fifth  flex_column_div '   ><section  class='av_textblock_section av-lu771zou-5fd0bafaec7ce181fe3cf6cf9f9028c7'  itemscope=\"itemscope\" itemtype=\"https:\/\/schema.org\/CreativeWork\" ><div class='avia_textblock'  itemprop=\"text\" ><h2 style=\"text-align: center;\">CALENDARIO MES<\/h2>\n<\/div><\/section><br \/>\n\n<style type=\"text\/css\" data-created_by=\"avia_inline_auto\" id=\"style-css-av-lu772ur2-a4d387780fd43c7e6fdb66a4d2403923\">\n.avia-image-container.av-lu772ur2-a4d387780fd43c7e6fdb66a4d2403923 .av-image-caption-overlay-center{\ncolor:#ffffff;\n}\n<\/style>\n<div  class='avia-image-container av-lu772ur2-a4d387780fd43c7e6fdb66a4d2403923 av-styling- avia-align-center  avia-builder-el-15  el_after_av_textblock  avia-builder-el-last '  itemprop=\"image\" itemscope=\"itemscope\" itemtype=\"https:\/\/schema.org\/ImageObject\" ><div class=\"avia-image-container-inner\"><div class=\"avia-image-overlay-wrap\"><a href=\"https:\/\/xn--ludotecaslogroo-crb.es\/el_desvan\/wp-content\/uploads\/2026\/03\/DESVAN-Y-ESCONDITE-1030x728.jpg\" data-srcset=\"https:\/\/xn--ludotecaslogroo-crb.es\/el_desvan\/wp-content\/uploads\/2026\/03\/DESVAN-Y-ESCONDITE-1030x728.jpg 1030w, https:\/\/xn--ludotecaslogroo-crb.es\/el_desvan\/wp-content\/uploads\/2026\/03\/DESVAN-Y-ESCONDITE-300x212.jpg 300w, https:\/\/xn--ludotecaslogroo-crb.es\/el_desvan\/wp-content\/uploads\/2026\/03\/DESVAN-Y-ESCONDITE-768x543.jpg 768w, https:\/\/xn--ludotecaslogroo-crb.es\/el_desvan\/wp-content\/uploads\/2026\/03\/DESVAN-Y-ESCONDITE-1536x1086.jpg 1536w, https:\/\/xn--ludotecaslogroo-crb.es\/el_desvan\/wp-content\/uploads\/2026\/03\/DESVAN-Y-ESCONDITE-1500x1061.jpg 1500w, https:\/\/xn--ludotecaslogroo-crb.es\/el_desvan\/wp-content\/uploads\/2026\/03\/DESVAN-Y-ESCONDITE-260x185.jpg 260w, https:\/\/xn--ludotecaslogroo-crb.es\/el_desvan\/wp-content\/uploads\/2026\/03\/DESVAN-Y-ESCONDITE-705x498.jpg 705w, https:\/\/xn--ludotecaslogroo-crb.es\/el_desvan\/wp-content\/uploads\/2026\/03\/DESVAN-Y-ESCONDITE.jpg 2000w\" data-sizes=\"(max-width: 1030px) 100vw, 1030px\" class='avia_image' ><img class='wp-image-3518 avia-img-lazy-loading-not-3518 avia_image' src=\"https:\/\/xn--ludotecaslogroo-crb.es\/el_desvan\/wp-content\/uploads\/2026\/03\/DESVAN-Y-ESCONDITE.jpg\" alt='' title='DESV\u00c1N Y ESCONDITE'  height=\"1414\" width=\"2000\"  itemprop=\"thumbnailUrl\" srcset=\"https:\/\/xn--ludotecaslogroo-crb.es\/el_desvan\/wp-content\/uploads\/2026\/03\/DESVAN-Y-ESCONDITE.jpg 2000w, https:\/\/xn--ludotecaslogroo-crb.es\/el_desvan\/wp-content\/uploads\/2026\/03\/DESVAN-Y-ESCONDITE-300x212.jpg 300w, https:\/\/xn--ludotecaslogroo-crb.es\/el_desvan\/wp-content\/uploads\/2026\/03\/DESVAN-Y-ESCONDITE-1030x728.jpg 1030w, https:\/\/xn--ludotecaslogroo-crb.es\/el_desvan\/wp-content\/uploads\/2026\/03\/DESVAN-Y-ESCONDITE-768x543.jpg 768w, https:\/\/xn--ludotecaslogroo-crb.es\/el_desvan\/wp-content\/uploads\/2026\/03\/DESVAN-Y-ESCONDITE-1536x1086.jpg 1536w, https:\/\/xn--ludotecaslogroo-crb.es\/el_desvan\/wp-content\/uploads\/2026\/03\/DESVAN-Y-ESCONDITE-1500x1061.jpg 1500w, https:\/\/xn--ludotecaslogroo-crb.es\/el_desvan\/wp-content\/uploads\/2026\/03\/DESVAN-Y-ESCONDITE-260x185.jpg 260w, https:\/\/xn--ludotecaslogroo-crb.es\/el_desvan\/wp-content\/uploads\/2026\/03\/DESVAN-Y-ESCONDITE-705x498.jpg 705w\" sizes=\"(max-width: 2000px) 100vw, 2000px\" \/><\/a><\/div><\/div><\/div><\/p><\/div><div class='flex_column av-59wot8-421d9713434684b6b17d62a85d16e6f0 av_one_fifth  avia-builder-el-16  el_after_av_three_fifth  el_before_av_one_full  flex_column_div '   ><\/div><\/p>\n<div class='flex_column av-3waf98-f0ca5bf71f5625f76c9dfcd0f75a3854 av_one_full  avia-builder-el-17  el_after_av_one_fifth  el_before_av_one_full  first flex_column_div column-top-margin'   ><style type=\"text\/css\" data-created_by=\"avia_inline_auto\" id=\"style-css-av-lu77853b-402ca1bd5ab6309039f1a5f85d2f217e\">\n.avia-timeline-container.av-lu77853b-402ca1bd5ab6309039f1a5f85d2f217e .av-milestone-date{\ncolor:#005200;\n}\n.avia-timeline-container.av-lu77853b-402ca1bd5ab6309039f1a5f85d2f217e .av-milestone-icon-inner{\nbackground-color:rgba(180,193,114,0.58);\n}\n.avia-timeline-container.av-lu77853b-402ca1bd5ab6309039f1a5f85d2f217e .av-milestone-indicator{\nbackground-color:rgba(180,193,114,0.58);\n}\n.avia-timeline-container.av-lu77853b-402ca1bd5ab6309039f1a5f85d2f217e .av-milestone-article-footer{\nbackground-color:rgba(180,193,114,0.58);\n}\n<\/style>\n<div  id=\"avia-timeline-1\"  class='avia-timeline-container av-lu77853b-402ca1bd5ab6309039f1a5f85d2f217e  avia-builder-el-18  avia-builder-el-no-sibling ' ><ul class='avia-timeline avia-timeline-vertical av-milestone-placement-left avia-timeline- avia_animate_when_almost_visible avia-timeline-animate'>\n<li  class='av-milestone av-lu776m0z-f03ba118e00d451aa16843422deb3dad av-animated-generic fade-in av-milestone-valign-baseline av-milestone-odd'><h2 class='av-milestone-date ' id='milestone-del-9-de-septiembre-al-7-de-octubre'><strong>Del 9 de septiembre al 7 de octubre<span class='av-milestone-indicator'><\/span><\/strong><\/h2><div class=\"av-milestone-icon-wrap\"><span class='av-milestone-icon milestone_icon avia-font-entypo-fontello'><span class='av-milestone-icon-inner milestone_inner'><i class='milestone-char' aria-hidden='true' data-av_icon='\ue8bd' data-av_iconfont='entypo-fontello'><\/i><\/span><\/span><\/div><article class='av-milestone-content-wrap'><div class='av-milestone-contentbox'><header class=\"entry-content-header\"><h4 class='av-milestone-title '>Inscripci\u00f3n familias prioritarias<\/h4><\/header><div class='av-milestone-content'><ul>\n<li>Familias con v\u00edctima de violencia de g\u00e9nero<\/li>\n<li>Conciliaci\u00f3n familiar (ambos progenitores o tutores legales trabajen)<\/li>\n<li>Familias monoparentales<\/li>\n<li>Familias numerosas<\/li>\n<li>Familias de acogida<\/li>\n<li>Familias adoptantes<\/li>\n<\/ul>\n<\/div><\/div><footer class='av-milestone-article-footer entry-footer'><\/footer><\/article><\/li>\n<li  class='av-milestone av-lu777j2k-24f2189bc12fab2814e84a75e0fc815a av-animated-generic fade-in av-milestone-valign-baseline av-milestone-even'><h2 class='av-milestone-date ' id='milestone-del-8-al-31-de-octubre'><strong>Del 8 al 31 de octubre<span class='av-milestone-indicator'><\/span><\/strong><\/h2><div class=\"av-milestone-icon-wrap\"><span class='av-milestone-icon milestone_icon avia-font-entypo-fontello'><span class='av-milestone-icon-inner milestone_inner'><i class='milestone-char' aria-hidden='true' data-av_icon='\ue8be' data-av_iconfont='entypo-fontello'><\/i><\/span><\/span><\/div><article class='av-milestone-content-wrap'><div class='av-milestone-contentbox'><header class=\"entry-content-header\"><h4 class='av-milestone-title '>Inscripci\u00f3n menores empadronados en Logro\u00f1o de familias no prioritarias<\/h4><\/header><div class='av-milestone-content'><\/div><\/div><footer class='av-milestone-article-footer entry-footer'><\/footer><\/article><\/li>\n<li  class='av-milestone av-lu778146-fd0063814aa2b0cc515d0dc0fc7a3661 av-animated-generic fade-in av-milestone-valign-baseline av-milestone-odd'><h2 class='av-milestone-date ' id='milestone-a-partir-del-3-de-noviembre'><strong>A partir del 3 de noviembre<span class='av-milestone-indicator'><\/span><\/strong><\/h2><div class=\"av-milestone-icon-wrap\"><span class='av-milestone-icon milestone_icon avia-font-entypo-fontello'><span class='av-milestone-icon-inner milestone_inner'><i class='milestone-char' aria-hidden='true' data-av_icon='\ue8bf' data-av_iconfont='entypo-fontello'><\/i><\/span><\/span><\/div><article class='av-milestone-content-wrap'><div class='av-milestone-contentbox'><header class=\"entry-content-header\"><h4 class='av-milestone-title '>No empadronados e inscripci\u00f3n para otro turno<\/h4><\/header><div class='av-milestone-content'><\/div><\/div><footer class='av-milestone-article-footer entry-footer'><\/footer><\/article><\/li>\n<\/ul><\/div><\/div>\n<div class='flex_column av-3ay8xo-7ead494b4ab136209710885b66fc7fd5 av_one_full  avia-builder-el-19  el_after_av_one_full  avia-builder-el-last  first flex_column_div column-top-margin'   ><div  class='avia-button-wrap avia-button-center  avia-builder-el-20  avia-builder-el-no-sibling ' ><a href='https:\/\/xn--ludotecaslogroo-crb.es\/el_desvan\/wp-content\/uploads\/2025\/09\/APROBACION-RESOLUCION-DE-ALCALDIA.pdf'  class='avia-button av-lu7796t3-3638581226e1cd1e79563ef316a93e9b avia-icon_select-yes-left-icon avia-size-medium avia-position-center av-icon-on-hover avia-color-theme-color'  target=\"_blank\"  rel=\"noopener noreferrer\"><span class='avia_button_icon avia_button_icon_left' aria-hidden='true' data-av_icon='\ue875' data-av_iconfont='entypo-fontello'><\/span><span class='avia_iconbox_title' >Normativa inscripci\u00f3n curso<\/span><\/a><\/div><\/div>\n","protected":false},"excerpt":{"rendered":"","protected":false},"author":4,"featured_media":0,"parent":0,"menu_order":0,"comment_status":"closed","ping_status":"closed","template":"","meta":[],"_links":{"self":[{"href":"https:\/\/xn--ludotecaslogroo-crb.es\/el_desvan\/wp-json\/wp\/v2\/pages\/2572"}],"collection":[{"href":"https:\/\/xn--ludotecaslogroo-crb.es\/el_desvan\/wp-json\/wp\/v2\/pages"}],"about":[{"href":"https:\/\/xn--ludotecaslogroo-crb.es\/el_desvan\/wp-json\/wp\/v2\/types\/page"}],"author":[{"embeddable":true,"href":"https:\/\/xn--ludotecaslogroo-crb.es\/el_desvan\/wp-json\/wp\/v2\/users\/4"}],"replies":[{"embeddable":true,"href":"https:\/\/xn--ludotecaslogroo-crb.es\/el_desvan\/wp-json\/wp\/v2\/comments?post=2572"}],"version-history":[{"count":25,"href":"https:\/\/xn--ludotecaslogroo-crb.es\/el_desvan\/wp-json\/wp\/v2\/pages\/2572\/revisions"}],"predecessor-version":[{"id":3519,"href":"https:\/\/xn--ludotecaslogroo-crb.es\/el_desvan\/wp-json\/wp\/v2\/pages\/2572\/revisions\/3519"}],"wp:attachment":[{"href":"https:\/\/xn--ludotecaslogroo-crb.es\/el_desvan\/wp-json\/wp\/v2\/media?parent=2572"}],"curies":[{"name":"wp","href":"https:\/\/api.w.org\/{rel}","templated":true}]}}